**3 + 4*n**2 + 6*n + 1. Calculate g(q).
6
Let q(o) be the third derivative of -1/24*o**4 + 1/120*o**6 + o + 0 + 5/3*o**3 + 1/60*o**5 + 4*o**2. What is q(0)?
10
Let j(a) = -a**3 - 3*a**2 - a - 2. Let g(y) = -y**2 - 1. Let x(s) = -8*s**2 - s - 9. Let t(c) = -6*g(c) + x(c). Let f be t(0). Calculate j(f).
1
Let x(i) be the second derivative of 7*i**3/6 - 51*i**2/2 + 2*i + 376. Determine x(6).
-9
Let o(v) = 56*v**2 + 10*v - 13 - v + 2*v - 55*v**2. Determine o(-11).
-13
Let l(g) = g**3 + 5*g + 3. Let y be l(3). Let v = 57 - y. Let m(d) = 18 + 1 - d - v + d**2. Determine m(0).
7
Let l(n) = n**2 + n + 2. Suppose -4*i - 16 = 0, 0 = 5*g + 13*i - 17*i + 1199. Let z = g + 240. What is l(z)?
8
Suppose 10*j = -1 + 141. Let m(u) = -j*u**2 - 8*u**2 - 1 - 2*u + 0 + 21*u**2 - u**3. Give m(-1).
1
Let k(w) = 3*w**3 - 2*w**3 + 66 + 53 - 185 - 3*w - 3*w**2 + 71. Determine k(2).
-5
Let x(k) = 6*k**2 + 2*k + 1. Let j be 24/20*(140/12 - 5). Suppose -94*w = -90*w - j. Calculate x(w).
29
Let s(c) = 7*c + 6. Suppose -6*y - y + 91 = 0. Suppose -2*f + 36 = 5*r - 26, -3*f = -4*r + 68. Suppose -y*i + 4 = -r*i. What is s(i)?
-22
Let z(f) = -16*f + 7. Let s(m) = -8*m + 3. Let p(r) = 5*s(r) - 2*z(r). Let y = -650 - -648. Let q be y - 1*(25/(-5) - -1). Determine p(q).
-15
Suppose 2*d = -2*p + 12, 2*p = -12*d + 17*d - 44. Let u(c) be the second derivative of 0 + c**3 + 1/2*c**2 + d*c - 1/12*c**4. Determine u(5).
6
Let k(x) = x**2 + 3*x - 7. Let g be 16/3 - 2/6. Suppose 0 = -i - 2*v + 12 - 3, -v = g*i - 27. Suppose -4*j - 3*l = i + 27, -2*j + 5*l + 10 = 0. Determine k(j).
3
Let g(t) = 13*t - 2. Let p(m) = 26*m - 3. Let d(c) = -5*g(c) + 3*p(c). Suppose -4*q - 3*j + 10 = 0, -3*q - j = -2*q - 3. Let b be (-2 + q)*(-5 - -4). Give d(b).
14
Let y(n) = 6*n + 82. Suppose -42*u = 611 - 23. What is y(u)?
-2
Let w be (-3)/(-15) - (-23)/(-115). Let p(c) = -15 - 3*c + 4*c - 11*c**2 + 12*c**2. Calculate p(w).
-15
Let r(s) = -s**2 - 2*s - 1. Let u = -691 + 687. Let d be (-1)/22*u - (-26)/(-143). Give r(d).
-1
Suppose 0 = -11*b + 22 - 33. Let f(n) = 73*n**2 - 1. Calculate f(b).
72
Let r(h) = 4*h + 44. Let q = -138 + 125. Calculate r(q).
-8
Let q(a) = a**3 + 12*a**2 - 12*a + 14. Suppose 0 = 2*z + 2, 24*r + 5*z + 18 = 23*r. Determine q(r).
1
Suppose 9*u = 4*u + 20. Suppose 3*d = -3*k - 18, 0 = 166*d - 161*d - k + 18. Let v be u/(-10) - (d + 144/40). Let q(z) = -z**2 - z + 5. Calculate q(v).
5
Let b(z) = -z**3 + 6*z**2 + z - 14. Let a be b(2). Let y(h) = 5*h**2 - 7*h - 1. Determine y(a).
51
Let a(y) = -9*y**2 + 99*y + 24. Let f(v) = 8*v**2 - 87*v - 22. Let x(s) = -6*a(s) - 7*f(s). Calculate x(8).
2
Let w(k) = 32*k - 8. Let i(j) = 2*j**2 + j - 68. Let a be i(-6). Determine w(a).
-72
Let s(i) be the second derivative of i**6/72 - i**4/12 + 11*i**3/6 - i**2 - 13*i - 2. Let z(q) be the second derivative of s(q). Determine z(2).
18
Let q = -142 + 1023. Let p = q + -889. Let g(l) = -3*l - 2*l + 4*l. What is g(p)?
8
Let z(l) = -27*l**2 - 7*l + 4. Let i(o) = 32*o**2 + 7*o - 6. Let y(f) = -5*i(f) - 6*z(f). What is y(-7)?
55
Suppose -2*y = -4*v + 56, 4*v - 5*y = 58 + 16. Let w(f) = 7*f - 7. Give w(v).
70
Let n(l) = -l**3 + 3*l**2 + 7*l - 16. Let b be (-130)/(-40) - 13/52. What is n(b)?
5
Let a(k) be the third derivative of k**4/24 - k**3/6 + k**2. Suppose 4*g - 2*y = 22, 3*y - 6*y - 12 = g. Suppose 17 = -3*j + 2*n, 2*n - g = -1. Give a(j).
-6
Let u(a) = 16*a - 70 - a**2 + 30*a - 41*a + 139. Give u(-7).
-15
Let a(k) be the second derivative of -k**5/30 + k**4/12 + k**3/6 + 18*k**2 + 2*k + 101. Let c(q) be the first derivative of a(q). Determine c(2).
-3
Let g(k) = -3*k**3 - 386*k**2 + 131*k + 266. Let t be g(-129). Let p(l) = 1 + l + 14 - l - l. What is p(t)?
7
Suppose -3*a + o = -a - 14, 0 = a + 4*o + 11. Let h(c) = 34*c - 24. Let l(p) = 8*p - 6. Let j(u) = 2*h(u) - 9*l(u). Calculate j(a).
-14
Let d be (3/(-21))/((-87)/1827). Let h(v) = v**3 - 3*v**2 + 7*v - 13. Give h(d).
8
Let g(j) = 1353*j**2 - 1370*j**2 + 6 + 4*j + 0*j**3 + 2*j**3. Calculate g(8).
-26
Let l(q) = 2*q + 4*q - 76 + q + 51. Let v(c) = -4*c + 11. Let y(p) = 2*l(p) + 5*v(p). Calculate y(-5).
35
Let g = 29 - -94. Suppose 118*k = g*k - 40. Let w(d) be the first derivative of -d**3/3 + 5*d**2 - 5*d - 1. Calculate w(k).
11
Let c(f) = -f**3 + 9*f**2 + 10*f + 1. Let k be c(10). Suppose -8*n + 68 = 4. Let a be (6/n + k/(-4))*8. Let g(s) = s**2 - 3*s + 2. Determine g(a).
6
Let v(n) be the second derivative of -7*n**4/12 + 7*n**3 + 2*n**2 + 43*n - 9. Determine v(6).
4
Let x = 69 - 63. Let l(j) = -j + j - 6 + 2*j. What is l(x)?
6
Let l = 696 + -694. Suppose 0 = l*s - 28 + 18. Let m(b) = b**2 - 4*b + 6. Give m(s).
11
Suppose 26 = 5*q - 139. Suppose -u = -12*u + q. Suppose -p = 12 - u. Let t(w) = -w**2 - 10*w - 7. What is t(p)?
2
Let n be 306/24 - 3/(-12). Let g(a) = -14*a**3 + 21*a**3 + a + 0*a**3 + 13*a**2 - 8*a**3 - 2. Give g(n).
11
Let y(f) = -4*f - 111. Let r be (-6)/(-4) - (6 - 518/(-28)). Determine y(r).
-19
Let l be (1898/4)/((-2)/(-4)). Let q = l + -958. Let p(o) = o**3 - o. Let w(y) = 3*y**3 + 8*y**2 - 9*y + 11. Let j(h) = 2*p(h) - w(h). Calculate j(q).
7
Let s = 400 - 382. Let i(j) = -12 + 3*j + j**3 + s + 7*j**2 + 15*j - 11*j. Give i(-4).
26
Let a(k) be the third derivative of k**4/24 + 4*k**3/3 - 44*k**2 + k - 3. Determine a(-18).
-10
Let i(l) = l**3 + 6*l**2 + 5*l - 2. Suppose 0 = -5*v + 3*v + h, 0 = 5*h. Suppose 3*x - 24 + 12 = v. Let c be (x - 1)*(-20)/12. Determine i(c).
-2
Let z(i) = 568*i + 42*i**2 - 20*i**2 - 578*i + 17 - 21*i**2. Calculate z(5).
-8
Let u(q) = 20*q - 176. Let b be u(10). Let r(l) = -l + 6 + 11 - b + 8 + 4. Give r(5).
0
Let n be 2/(-4) + 58/4. Let w(q) be the third derivative of -q**4/24 + 3*q**3/2 - 31*q**2 - 2*q + 8. Calculate w(n).
-5
Let d(l) = -3*l**2 + 190*l - 189. Let g be d(1). Let h(s) = -23*s - 50. Give h(g).
-4
Let v(q) be the second derivative of -3*q**3 + 31*q**2 + 4330*q. Determine v(4).
-10
Let w be 17/5 - 4/10. Let g(p) = -p - 200. Let v(t) = 2*t - 599. Let z(o) = 3*g(o) - v(o). Calculate z(w).
-16
Let v(c) = -2*c + 1. Let y be v(-2). Let f(k) = -94 - 103 - 101 - k**2 - 102 - 97 + 3*k + 492. Determine f(y).
-15
Let w(b) = -b**3 + 9*b**2 + 5. Suppose 0 = -36*u + 106 + 237 - 19. Give w(u).
5
Let y = 3 - 3. Let n(v) = -v**3 - 15*v**2 - 11*v + 3. Let x(g) = -4*g**2 - 3*g - 2. Let w(m) = n(m) - 4*x(m). Determine w(y).
11
Let o = -3184 + 3191. Let i(g) = g - 8. Determine i(o).
-1
Let l(r) = 6*r + 9. Let x(k) = 10*k + 13. Let f(u) = 8*l(u) - 5*x(u). Let m be f(1). Let p(g) = g**3 - 3*g**2 - 12*g + 9. Give p(m).
-1
Let x(t) = -4 + 3*t**2 + t**3 + 5*t**2 - 4*t**2 - 14*t + 5*t**2 + 4*t**2. Calculate x(-14).
-4
Suppose -12*u = -5*u. Suppose 4*m = -12, -4*s + m + 95 = -u. Let v = -16 + s. Let x(l) = -l - 4. Determine x(v).
-11
Let j(c) = 2*c + 0*c - c + 4. Let q be j(-2). Let y(u) = -1 + 3 - 1 + 4*u + q. What is y(-6)?
-21
Let s(j) be the first derivative of 133 + j**2 + 16*j - 1/3*j**3. What is s(5)?
1
Let z(y) = 6*y + 25. Let o be z(-3). Let k(b) be the third derivative of 7/24*b**4 + 1/10*b**5 + 8*b**2 + 0*b**3 + 0 - 1/120*b**6 + 0*b. Calculate k(o).
0
Let z(s) be the third derivative of -s**5/60 - s**4/6 + s**3/3 + 2*s**2 + 2347*s. Let b(f) = -f + 3. Let u be b(8). What is z(u)?
-3
Let x(y) = 2*y**2 - 7*y. Suppose 2*n - 3*n = 0. Suppose n = 5*u - 4*u + 135. Let s be ((-2)/(-3))/((-18)/u). Calculate x(s).
15
Let l be 4 - (4 + (-6)/3 - -2). Suppose l = -3*s + 5*p + 4 + 27, 5*s - 3*p - 25 = 0. Let j(k) = 0*k**2 + 3*k**s + k**3 - 39 + 35 + 0*k**3 - 4*k. Give j(-3).
8
Let p(h) = -11 - 29*h - 218*h + 230*h. Give p(-1).
6
Let s(r) = r**3 - 5*r**2 + 4*r - 3. Let j be s(4). Let k(p) = 8*p + 2774. Let h(l) = 7*l + 2220. Let c(q) = 5*h(q) - 4*k(q). Give c(j).
-5
Let p = -23121 - -23116. Suppose u - 2 = -1. Let t(x) = x**3 + u + 5 + x + 4*x + 6*x**2. Determine t(p).
6
Let v(w) be the second derivative of -w**5/20 + 5*w**4/12 - w**3/6 + 7*w**2/2 + w. Let p = -89 - -164. Suppose p*b - 79*b + 20 = 0. Calculate v(b).
2
Let p be ((-2)/(1 + 1))/((-1)/10). Let n = 12 - p. Suppose -5*s + 12 = -n*s. Let w(u) = u**2 - 5*u + 4. Give w(s).
0
Let o be (3 + -229 - 0) + 2. Let h be 10/25 + o/10. Let i be h/(-143) - (-74)/26. Let b(x) = x**3 - 5*x**2 + 4*x - 1. What is b(i)?
-7
Let n(o) = -8 + 0*o - 10*o - 3*o - 26*o. Give n(-1).
31
Le